the prime factors of p(k)?
2, 11
Let o = 463 - 767. Let f = 21 + o. List the prime factors of -4 - (0 + (f - 0)).
3, 31
Let y(s) = 18825*s**2 - 42*s - 3. What are the prime factors of y(-1)?
2, 3, 131
Suppose 75 = -2*x + 89. What are the prime factors of -2 + (x - (2 - 728))?
17, 43
Let t(b) = -2 - 38*b - 9 + 23*b + 4 - 19. Let u = -26 - -18. What are the prime factors of t(u)?
2, 47
Suppose 5*r - 30766 = 4*p, 0 = -87*r + 84*r + 2*p + 18458. What are the prime factors of r?
2, 3, 5, 41
Let v(p) = -8*p**3 + p**2 - p - 3. Let q be v(-2). Suppose -63 - q = -w. Suppose -2*b + w = b - 4*z, 0 = -5*b + z + 211. List the prime factors of b.
2, 3, 7
Let f(n) = 109*n + 2062. What are the prime factors of f(10)?
2, 197
Suppose 0 = 5*i - 2*w - 48, 8 - 1 = i - 3*w. Suppose -i*x + 12*x - 1120 = 0. List the prime factors of x.
2, 5, 7
Let a be (-6)/9 - ((-7277)/(-3))/(-19). Let o(g) = 2*g + 1. Let h be o(-2). List the prime factors of a + (-4)/((-4)/h).
2, 31
List the prime factors of 6 + (13 - -5214) + -6.
5227
Suppose -5*t + 148*c + 5519 = 150*c, 4*c + 5477 = 5*t. List the prime factors of t.
3, 367
Suppose 80 = 12*w + 20. Suppose 5*o = 12*g - 7*g - 2820, g - w*o = 580. List the prime factors of g.
2, 5, 7
Let t = 116 + -111. Suppose -s = -5*y - 267, t*s - 3*s + 4*y = 604. What are the prime factors of s?
2, 73
Suppose 3*b = -2*v + 2*b + 7, -2*b = v - 8. Suppose -5*d = -3*j - 0*d + 265, -4 = v*d. Suppose j = 5*r - 140. What are the prime factors of r?
3, 5
List the prime factors of 54*((-1010)/(-6) - -6).
2, 3, 523
Let r be (2/(-6))/(27/(-162)). Suppose 0 = 6*q - 0*q - 1266. Suppose 472 = 2*n + 2*x, r*n - q = n + 4*x. List the prime factors of n.
3, 7, 11
Let i(v) = -9*v**2 - 47*v + 21. Let n(j) = -4*j**2 - 23*j + 10. Let d(y) = -6*i(y) + 13*n(y). Let c be d(8). What are the prime factors of (8 + -5)*2/(c/(-14))?
3, 7
Let q(y) be the second derivative of 0*y**3 + 49/20*y**5 + 0*y**4 + 4*y + 0 + 0*y**2. What are the prime factors of q(1)?
7
Let b be -3 + 5 + 4 + 110. Suppose 3*o = -4*j + 2737, 0 = -j + 5*o + 551 + b. What are the prime factors of j?
2, 11, 31
Let p be 2*(-8)/12*6/(-4). Let c(f) = 3*f**3 + 6*f**2 + 0 + 2*f**2 - 4*f**2 - 3*f - p. What are the prime factors of c(3)?
2, 53
Let i(n) = -15*n + 66. Let j be i(-3). What are the prime factors of (j/(-2))/(-1 + 2/4)?
3, 37
Let v = -7433 + 7482. List the prime factors of v.
7
Let n(k) = 79*k**2 - k - 46. List the prime factors of n(12).
2, 5659
Let w be 3 + (-49)/(-14)*(-20)/(-14). What are the prime factors of -2794*(w + 68/(-8))?
11, 127
What are the prime factors of (1/5 + 1)/(12/(-40)) + 1342?
2, 3, 223
Suppose -2*j + 5*u + 3 = 13, -2*j - 6 = -3*u. Suppose -6*b + 10210 - 2638 = j. List the prime factors of b.
2, 631
Let p(d) = -142*d - 16. Let x = -11 + 9. What are the prime factors of p(x)?
2, 67
Let f be ((-2)/6)/(-2*(-3)/(-72)). Let q be (0/(-2))/(f + -6). What are the prime factors of (2 + q)*(0 + (-114)/(-4))?
3, 19
Suppose 0 = -j - 2*o + 23976, 0 = 39*j - 42*j - o + 71958. What are the prime factors of j?
2, 3, 1999
Suppose -3 + 4 = z. Let w be -6 + 4 - (-304)/z. Suppose -n - n + w = 0. List the prime factors of n.
151
Let s = -4453 - -33043. List the prime factors of s.
2, 3, 5, 953
Let z(j) = 4*j**2 - 3*j - 4. Let o be z(5). Suppose 5*s - 3*f - o = 0, -2*s = -0*s + 5*f - 20. List the prime factors of 3*(110/s + 2).
2, 7
Let m(n) = -14*n - 22. Let u be m(-2). Suppose 0 = u*s - 1828 + 490. What are the prime factors of s?
223
Let g(c) = 2768*c + 376. What are the prime factors of g(4)?
2, 3, 53
List the prime factors of 78/(3 + (-1)/((-1724)/(-5168))).
2, 3, 13, 431
Let p(k) = -k**3 - 12*k**2 - 18*k - 14. Let u be p(-9). Let i = u + 97. List the prime factors of (-6)/(-4)*(i + 102/9).
2, 5
Suppose 4*r + 3475 = -0*x + 3*x, 5*x - 2*r = 5801. Let b = -599 + x. Suppose 3*q - b = -94. List the prime factors of q.
2, 3, 13
Let a(q) = 20*q**3 - 2*q + 2. Let f be a(1). Suppose 0 = 4*v - f*n + 15*n - 440, 3*v + 5*n = 295. List the prime factors of v.
3, 5, 7
Suppose 0 = -3*h + 2*h + 5*n - 150, -3*n - 15 = 0. Suppose -a = -4, 7*b - 8*b + 5*a - 316 = 0. Let y = h - b. List the prime factors of y.
11
Suppose 3 = 180*n - 183*n. What are the prime factors of 45/54 + n + 10802/12?
2, 3, 5
List the prime factors of (36/(-120))/(2/(-59588))*5.
3, 14897
Let t(h) = 143 - h + 132 - 252. Let c be t(21). Suppose 2*o - g - 135 = 0, -4*o + o + c*g + 203 = 0. List the prime factors of o.
67
List the prime factors of -6*(212688/(-32) - 13).
3, 19, 701
Suppose -c = -5 + 7. Let b be 12/(-28) - 64/14. What are the prime factors of c/30*b*261?
3, 29
Suppose 8*y - 5*y = 912. Let j = y + -118. List the prime factors of j.
2, 3, 31
Let g(r) = -3487*r + 4342. List the prime factors of g(-5).
3, 7, 17, 61
Suppose 0 = -3*q + 3*a + 153, -19*q + 4*a - 41 = -20*q. Suppose i - q + 6 = 0. What are the prime factors of i?
43
Suppose -m + 0*u + 1 = -4*u, -m + 1 = -3*u. Let k be (-2 + 6)*(m - (-30)/4). Suppose -13 = w - k. List the prime factors of w.
3, 7
What are the prime factors of (-117)/36 + (-38206)/(-56)?
7, 97
Let p(d) = -757*d + 6. Let f be p(-1). Suppose f = 4*v - 3*k, 0 = v - 2*v - 5*k + 162. What are the prime factors of v?
11, 17
Let u(n) = 6*n + 49. Let h be u(7). List the prime factors of (-25149)/(-39) + 14/h.
3, 5, 43
Let i(t) = -9*t**3 + 7*t**2 + 3*t + 1. Let o be i(-3). Let n = -193 + o. Suppose 3*x - 465 = -3*y, 3*y + 5*x = n + 368. List the prime factors of y.
151
Let o(w) = -w**3 + 4*w**2 + 28*w + 34. Let r be o(8). Suppose -4*n + r*d + 1884 = 0, 125 + 1288 = 3*n - 3*d. What are the prime factors of n?
3, 157
Suppose 5*k + 0*i - 2*i = 97, 0 = 5*k - 3*i - 93. Let h = k - 8. Suppose 2*o - 9 - h = 0. What are the prime factors of o?
11
Let j = 1312 + -272. List the prime factors of j.
2, 5, 13
Let t(q) = -27*q - 6. Let o(a) = -a**3 + 8*a**2 - 11*a - 3. Let w be o(6). Let c be t(w). Let u = -4 - c. What are the prime factors of u?
83
Suppose -2*x = -14*b + 18*b + 6, -5*b + 2*x = -6. What are the prime factors of 666 + 20 - (3 - b)?
683
Let o(j) = -18*j + 5. Let u be o(-4). Let c = -135 + u. Let l = -26 - c. List the prime factors of l.
2
Let j be (2 - 106)*(-4)/(-8). Let x = 434 + j. List the prime factors of x.
2, 191
Let o = 50323 - 34165. What are the prime factors of o?
2, 3, 2693
Let i(v) = v + 45. Let z be i(-24). Let p = 296 + z. What are the prime factors of p?
317
What are the prime factors of (1 + (-1 - -1))/(((-730)/105950)/(-73))?
5, 13, 163
Suppose -3*a + 7*n - 3*n + 1163 = 0, 4*a - n - 1529 = 0. Suppose -s - h = -a, -4*s - 3*h + 1525 = 2*h. List the prime factors of s.
2, 5, 19
Suppose -24*b + 5331 = -9909. Suppose b*q = 634*q + 116. List the prime factors of q.
2, 29
Suppose 5*i + 2*f = 6936, 2*i - 4*f - 138 = 2670. What are the prime factors of i?
2, 5, 139
Let t(p) = -p**3 + 2*p**2 + 59*p + 676. What are the prime factors of t(-9)?
2, 7, 37
Let b(n) = -2*n - 15. Let i be b(-19). Let f = i + -17. Suppose -f*l + 2*l = -156. List the prime factors of l.
3, 13
Let u be (2 - 7/3)*3*-190. Let d(z) = -19 - 206*z - 2 + u*z. What are the prime factors of d(-8)?
107
Suppose -1212 = -2*p - 4*p. Suppose 5*o + 2*u - p = 0, 4*u + u = -o + 45. Suppose -10 - o = -2*a. List the prime factors of a.
5
Let u be 15 + (1 - (3 + -1)). Suppose -2 = 5*b - 3*o, o - u = b - 3*o. Suppose 0 = -b*z + 5*z - 84. List the prime factors of z.
2, 7
Let s(o) be the second derivative of 11*o**4/6 - 17*o**3/6 - 15*o**2/2 - 3*o - 5. What are the prime factors of s(-5)?
2, 5, 31
Let l = 15286 + 6098. What are the prime factors of l?
2, 3, 11
What are the prime factors of (5 - (26/4 + -1))/(14/(-1658804))?
59243
Let j(g) = 2417*g - 7495. What are the prime factors of j(17)?
2, 3, 11, 509
Suppose -7 = -3*m + 8, -19 = -v + 5*m. Suppose -51*l + v*l + 7063 = 0. What are the prime factors of l?
1009
Let i(z) = -z**3 - 12*z**2 - 12*z - 8. Let c be i(-11). Let h(t) = t**3 - 2*t**2 - 2*t + 2. Let f be h(c). List the prime factors of 5 + (-5 - f) - -122.
3, 13
Suppose 28034 = 10*p - 5006. Suppose p = 7*q - 2611. What are the prime factors of q?
5, 13
Let l(o) = -79*o. Let b be l(-1). Let q = -74 + b. Suppose 0 = z - 5*n - 3, -5*n - 8 - 27 = -q*z. What are the prime factors of z?
2
Let m(d) be the first derivative of 17*d**4/12 - 9*d**3/2 + 23*